ppose -a + 2*j = j - 14, -3*j = 5*a - 94. Let r(z) = 5*z + 24. Let h be r(-6). Let i be (h - (4 - 7)) + 173. Calculate the greatest common divisor of a and i.
17
Let v(f) = f**3 - 5*f**2 - 7*f + 2. Let x be v(5). Let i = x - -39. Calculate the greatest common factor of 18 and i.
6
Suppose -4*o - q - 240 = 0, 0*o + 5*o + 300 = 2*q. Let n = 8 - 6. Let x be 1/(((-8)/o)/n). What is the highest common divisor of 165 and x?
15
Suppose 2*k = -p + 67, -p - 15 = 2*p. What is the greatest common divisor of 54 and k?
18
Let p(o) = -60*o - 9. Let d be p(-3). Suppose 7*q - 4 = d. Suppose -10 = -h - h. Calculate the greatest common factor of q and h.
5
Let d = 86 + -72. Let n(g) = -3*g**3 + g**2 - 13. Let t be n(-3). What is the highest common factor of t and d?
7
Suppose 6*b = -3 + 27. What is the highest common divisor of b and 196?
4
Let w be (-74)/(-8) + 6/48*-2. What is the greatest common factor of 387 and w?
9
Suppose -14 = 3*x - 4*r, -r - 1 + 10 = 2*x. Suppose i - 6*i - x*f = -560, 2*f = -3*i + 340. Calculate the highest common divisor of 22 and i.
22
Suppose 2*m + 2*d + 8 = 0, m - d = 4*d + 20. Suppose -5*j + 245 = 4*z, 4*j + 176 = 3*z - m*z. What is the greatest common divisor of z and 45?
15
Suppose 0 = -20*d + 12*d + 168. Calculate the highest common divisor of 3 and d.
3
Suppose -31*m - 660 = -35*m. What is the greatest common divisor of m and 15?
15
Let p = 314 - 287. What is the highest common divisor of p and 216?
27
Let x be 51/(-6) + 2/4. Let i be 20/(x/2) - 3. Let f = 4 - i. What is the highest common factor of 84 and f?
12
Suppose -2*b + 10 = 0, x - 12 = b - 3*b. Suppose 0 = 2*n + x*n - 80. Calculate the greatest common divisor of 15 and n.
5
Let p be 18 + (-3)/9 + 1/3. Calculate the highest common factor of p and 48.
6
Suppose 0 = 129*y - 128*y - 23. What is the greatest common divisor of 1817 and y?
23
Suppose 8*f - 3*f = 5*y + 165, -5*f + 173 = 3*y. Calculate the highest common divisor of f and 2.
2
Suppose -5*f = 430 - 40. Let v be f/(-96)*454 + (-1)/(-8). What is the greatest common factor of v and 41?
41
Suppose 53 = f - 0*d - 4*d, 0 = 5*f - d - 189. Suppose 2*c + 4*c = -4176. Let y = -289 - c. Calculate the greatest common divisor of f and y.
37
Let f = 330 + -269. Calculate the highest common factor of 61 and f.
61
Suppose 58*p - 57*p = 150. What is the greatest common divisor of p and 325?
25
Suppose -16*f + 13*f + 30 = 0. Let l = f + -8. Suppose 2*c = -l*c + 476. Calculate the greatest common divisor of 17 and c.
17
Suppose -2*b + 4*x = -0*x - 50, 3*x + 30 = b. Suppose 147 = 5*n - 3*t, -t + 0*t = -n + 29. What is the greatest common divisor of b and n?
15
Let v = 16 + 104. Suppose -30*x = -27*x - v. Suppose -5*z + 32 = 2*s - 2*z, -3*s - 4*z + 46 = 0. What is the greatest common factor of x and s?
10
Let j = 1159 - 830. What is the highest common factor of 14 and j?
7
Suppose -84 = -8*t + 236. What is the highest common factor of t and 185?
5
Suppose -3*m + 19 + 35 = -3*z, 5*m - 2*z = 93. Let a be (6 + -3)*m - 3. What is the greatest common divisor of 36 and a?
18
Let r = 16 + 0. Let g be 9/72 - 2/r. Suppose 96 = 4*o - g*o. What is the greatest common divisor of o and 16?
8
Suppose -p - 140 = -8*p. Calculate the highest common factor of 44 and p.
4
Let p(s) = 27*s**2 + 2. Let f be p(-3). Let u(b) = -b**3 - 4*b**2 + 2*b + 34. Let g be u(-5). What is the highest common factor of f and g?
49
Let v(g) = 13*g + 1. Let z(n) = -38*n - 2. Let p(i) = -17*v(i) - 6*z(i). Let b be p(2). Calculate the greatest common divisor of b and 99.
9
Let v(m) = 99*m**2 - 10*m - 81. Let o be v(-5). Calculate the highest common divisor of o and 52.
52
Suppose -5*k + 45 + 145 = 0. Calculate the highest common divisor of 418 and k.
38
Let a = -3153 - -3186. Let t be (2 + -79)*(-12)/7. What is the greatest common divisor of a and t?
33
Let w(j) = 75*j**2 + 13*j + 12. Let s be w(-1). What is the highest common factor of 148 and s?
74
Let t be ((-2)/1 - 38)*-1. Let c be t/30 - 170/(-3). Suppose 3*i = -25 + c. Calculate the greatest common factor of i and 55.
11
Suppose 25*f - 20*f = 285. Let h = 75 - f. What is the greatest common divisor of h and 18?
18
Let m(x) = -22*x - 7. Let s be m(-16). What is the highest common factor of s and 5?
5
Let f(r) = 190*r**2 - 11*r - 12. Let g be f(-1). What is the highest common factor of 18 and g?
9
Let r be 72300/42 - 4/(-7). What is the highest common factor of 42 and r?
42
Suppose 3*k + 63 = 13*x - 11*x, 3*x + 5*k - 123 = 0. What is the greatest common divisor of x and 1836?
36
Let u(f) = f**2 + 38*f + 178. Let j be u(-46). Calculate the greatest common factor of j and 26.
26
Let f = -39 - -72. Calculate the highest common factor of f and 33.
33
Let y(c) = -c**3 + 4*c**2 + 16*c - 22. Let d be y(6). Calculate the greatest common divisor of d and 27.
1
Let d be (-8 - -12) + (-1 - -1). What is the greatest common divisor of d and 82?
2
Suppose 5*s - 23 = -3*w + 1, 2*s + 6 = 0. What is the highest common divisor of 13 and w?
13
Let y(s) = 7*s + 21. Let m be y(-3). Suppose 5*z - 2*j - 542 - 98 = m, -4*z + 512 = -j. Calculate the highest common factor of z and 16.
16
Let w(k) = 6*k + 6. Let i be w(4). Let n be ((-20)/i)/(2/(-51)). Let r = n + -3. What is the greatest common divisor of r and 98?
14
Let z(l) = l**3 - 5*l**2 + 4*l - 10. Let u be z(5). Let r be (3 - u/3)*-102. Calculate the greatest common factor of 34 and r.
34
Let l(f) = -f + 17. Let y be l(12). Suppose -5*n - y*r = -110, 3*r - 4*r - 2 = 0. What is the highest common factor of n and 72?
24
Suppose 0 = 4*z + 4*t + 224 - 32, 0 = 5*t - 25. Let g = z - -90. Let l = 55 - g. What is the greatest common factor of l and 12?
6
Let n = -38 - -38. Suppose n = 3*b - 4*o - 1, -b - o - 2 + 14 = 0. Calculate the highest common factor of b and 56.
7
Let k(t) = 2*t - 7. Let g be k(5). Suppose 6 = -g*r + 27. Suppose -o + i + 1 = o, -5*i + r = 2*o. What is the greatest common factor of 5 and o?
1
Let i(r) = -62*r**3 + 2*r**2 + r. Let b be i(-1). Let y = -311 + 475. Suppose -7*d - 17 + y = 0. Calculate the greatest common factor of d and b.
21
Let c(a) = a**2 + 4*a + 5 + 0*a**2 - 1. Let z be c(-5). Calculate the greatest common factor of z and 45.
9
Suppose 3*p = -0*p - 15. Let x be (-17)/(-85) + (-19)/p. Let v be (-2)/12 - (-25)/6. Calculate the highest common factor of x and v.
4
Let q = 48 + -44. Suppose 5*y - 605 = -q*v, -3*v + v = 3*y - 301. What is the greatest common divisor of 31 and v?
31
Let d(c) = 11*c - 9. Let s be d(7). Suppose 8*u = 4*u + s. Calculate the highest common factor of u and 187.
17
Suppose -4*o + 452 = 2*x, -3*x - 22*o = -17*o - 675. Calculate the greatest common divisor of x and 88.
44
Suppose 15*r = -17 + 212. Let z = 1 - -2. Suppose -h = z*h - 364. What is the highest common factor of r and h?
13
Let z(v) = -v**3 + 6*v**2 - 4*v - 4. Let p be ((-14)/21)/(4/(-54)). Let h be (-6)/p - 14/(-3). Let r be z(h). What is the highest common factor of r and 48?
12
Let n = -3 - 2. Let c = 50 + n. Suppose -5*x + 2*x = 3*i - 33, -x - c = -3*i. Calculate the greatest common divisor of i and 14.
14
Let k(v) = -256*v**3 - 1. Let m be k(1). Let y = m + 500. What is the highest common divisor of y and 27?
27
Let a = 1032 - 980. What is the greatest common factor of a and 52?
52
Suppose 3*q - 6*q - 27 = 0. Let u be ((-30)/25)/(q/390). Calculate the greatest common factor of 78 and u.
26
Let s(a) = 2*a**3 - 3*a**2 + 2*a - 4. Let h be s(2). Let l = h - -6. Let c be (30/7)/((-1)/(-7)). What is the highest common divisor of c and l?
10
Let u be (6/(-4))/((-6)/76). Suppose u = 8*w - 37. Suppose 216 = 5*c + 76. What is the greatest common divisor of w and c?
7
Let y = 24 - 24. Suppose -16 = 4*v, y*v - 4*v = l + 11. Suppose l*a + 2 = 7. What is the highest common divisor of a and 7?
1
Suppose -11*d + 640 = -3*d. Let i(h) = -2*h**2 - h + 1. Let o be i(-5). Let p = d + o. Calculate the highest common factor of 9 and p.
9
Suppose 0 = 4*j - 10 + 2. Let r(p) = p**3 + 6*p**2 + 1. Let s be r(-6). Let q be s/(-2) - (-73)/j. What is the greatest common divisor of q and 90?
18
Suppose a - 12 + 3 = 0. Let u(t) = 13*t**2 + t + 0*t + 0*t. Let w be u(2). Calculate the highest common factor of w and a.
9
Suppose 3*c - 101 = 31. Suppose g - 59 = -2*n, 0*n + 93 = 3*n - 3*g. Suppose 0 = w + 